f (c/3)/3 + 30?
3
Let h = -22 + 10. Let j be h/8*(-4 - -2). Suppose -j = 4*r - 39. What is the units digit of r?
9
Let r be (2 - (-4)/8)*4. Let g(h) = h**2 - 4*h + 15. Let v be g(r). Suppose 2*z - v = -z. What is the tens digit of z?
2
Let v(b) = -2*b - 14. Let n be v(-11). Let u(c) = -c**3 + 4*c**2 + 10*c - 9. Let x be u(6). What is the units digit of n/(-6)*x*1?
8
Let c be 10 + -17 + 10 - -11. Let h(b) be the second derivative of b**4/12 - 13*b**3/6 - 5*b**2/2 + b. What is the units digit of h(c)?
9
Suppose -103*y + 5962 = -101*y. What is the units digit of y?
1
Suppose 0 = -15*d + 1581 + 1029. What is the units digit of d?
4
Let w(m) = 2*m - 260. Let g(a) = a - 130. Let k(s) = -5*g(s) + 2*w(s). What is the units digit of k(0)?
0
Let q(z) = z**2 - 2*z + 2. Let h be 0 + 1 + 12 + -10. What is the units digit of q(h)?
5
Let n(v) = 4*v**3 - 2*v**2 + 2*v - 1. Let d be ((-2)/8)/(3/(-12)). Let s be n(d). Suppose 31 = s*z + 1. What is the units digit of z?
0
Suppose -15*f = -10*f - 25. Suppose -f*k - 241 = -3*w - 94, 4*k + 12 = 0. What is the units digit of w?
4
Let l = 1198 - -716. What is the units digit of l?
4
Let j = 1945 - -463. What is the units digit of j?
8
Suppose -5 = -2*u + y, -2*u - u - 2*y - 10 = 0. Suppose 3*d - 6 = -u. Suppose -5*h + 45 = t, -5*h - d - 73 = -3*t. What is the units digit of t?
0
Let l(n) = 4 - 2*n**2 + 2*n - 16*n - 11*n - 24. What is the tens digit of l(-11)?
1
What is the units digit of ((-486)/216)/((-4)/3088)?
7
What is the tens digit of 174/4 - 1/(-2)?
4
Let m(g) = 3*g**3 - 6*g**2 + 6*g + 6. What is the hundreds digit of m(5)?
2
Let w(g) = 2*g + 1. Let h be w(3). Suppose y - f - h - 2 = 0, 0 = -y - 5*f + 15. Suppose 0 = 5*x - y*x + 110. What is the units digit of x?
2
Suppose 9088 = 13*i + 3*i. What is the tens digit of i?
6
Suppose 4*d = 5*d + 112. Let r = d - -178. What is the tens digit of r?
6
Suppose -2*w + 2*d + 12 = -w, -3*d - 19 = -2*w. Suppose -104 = -p - 4*l, -w*l + 5*l - 12 = 0. What is the tens digit of p?
8
What is the tens digit of (-60)/(-50)*(-100)/6*-19?
8
Let h be ((-60)/8 - 1)*-24. Suppose -7*r + 3*r + x = -h, -3*x = 4*r - 220. What is the units digit of r?
2
Suppose -h + 4590 = 5*w, 4*h - 8*h = -2*w + 1814. What is the hundreds digit of w?
9
Let o be ((-167)/(-2))/((-2)/(-12)). Suppose -325 = -2*k - 5*q, 2*k + 180 - o = -q. What is the hundreds digit of k?
1
Let t(m) be the third derivative of m**4/8 - m**3/2 + 4*m**2. Let a be t(4). Suppose 0 = h - a - 17. What is the units digit of h?
6
Let u(t) = -t**3 - 8*t**2 - 2*t - 7. Let p be u(-8). Suppose 8*i = p*i - 3. Suppose -i*o + 39 = 3*j, 2*j = -2*o + 4*o + 38. What is the units digit of j?
6
Let i = 745 + -384. What is the units digit of i?
1
Suppose 5*u = -5*g + 15, 2*g + 12 = 4*u - 3*u. Suppose 2*h - 4*h = u. What is the tens digit of h*(-1)/3 - -32?
3
Let r(a) = 3*a**2 + 9*a - 23. Let h be ((-6)/(-18))/(2/(-60)). What is the hundreds digit of r(h)?
1
Let p be (-316)/26 + (-2)/(-13). Let x be 14/4*p/(-21). Suppose y - 7 = z - 0, 0 = -x*y - 2*z + 18. What is the units digit of y?
8
What is the hundreds digit of 2549/5 + (-18)/(-15)?
5
Let k(p) = -125*p**2 - 3. Let v be k(-3). Let a be -1 + (-1)/(-1) + v. What is the units digit of 8/(-44) + a/(-33)?
4
Suppose 0*d = -5*d - 2*c + 497, 2*d - 3*c = 214. Suppose -8*w + 757 = d. What is the tens digit of w?
8
Let v(o) = o**3 + 16*o**2 - 22*o + 68. What is the tens digit of v(-15)?
2
Let w = -2308 + 3339. What is the units digit of w?
1
Let c = 3485 - 1221. What is the thousands digit of c?
2
Suppose 4135 = 2*i + o, -4*o + 4150 = -6*i + 8*i. What is the thousands digit of i?
2
Suppose -f + 0*j + 33 = -2*j, 0 = 4*f - 3*j - 152. What is the tens digit of f?
4
Let v(z) = 3*z**2 + 6*z. Let g be v(-3). Suppose -2*s + 1 + g = 0. Suppose -l + s = -5. What is the tens digit of l?
1
Let h = 749 - -79. Suppose 0 = -4*n + q + 837, 2*n - h = -2*n + 4*q. What is the hundreds digit of n?
2
Let x(l) = l**2 - l + 30. Let h(g) = 9*g**2 + 2*g - 2. Let v be h(1). What is the units digit of x(v)?
2
Suppose -4*i + 2*m + 3*m + 13 = 0, 1 = 3*i + 5*m. Let n be 6 - (-1 - (-2)/i). Suppose 21 = 5*a + n. What is the units digit of a?
3
Suppose -11*t + 44571 + 1959 = 0. What is the tens digit of t?
3
Suppose -2 = -2*z - 2*l, -7*l + 10*l = 3*z + 9. What is the units digit of (5 + -4)/(z/(2 + -260))?
8
Suppose 3*y + 0*y = 195. Suppose -5*t - 5*q + y = 0, 2*t - 15 = 3*q + 16. Let l(h) = h**2 - 12*h - 20. What is the units digit of l(t)?
8
Suppose -119 = 5*p - 579. Let m be -33 - 3 - -3*1. Let d = m + p. What is the tens digit of d?
5
Suppose -r = 4*c - 2 + 20, 3*c = 3*r - 21. Suppose 0 = r*b + 4*t - 134, 4*t - 10 + 101 = b. What is the units digit of b?
5
Suppose 7020 = -117*b + 126*b. What is the tens digit of b?
8
Let n(t) = -2*t - 87. Let i be n(0). Let b = -337 - i. What is the units digit of b/(-4) - (-4)/(-8)?
2
Let h(b) = -b**3 - 6*b**2 + 8*b - 4. Let r be h(-6). Let a = -19 - r. Let c = -16 + a. What is the units digit of c?
7
What is the units digit of 1093 + (3 - -5 - 0)?
1
Suppose -4*f + 21 = r, 5*r = -3*f + 4*f - 21. Let a(l) = 3*l + 28. What is the units digit of a(f)?
6
Let q = -1374 + 2372. What is the tens digit of q?
9
Let s be 44/198 + 11/(-9). What is the tens digit of s + ((-1971)/(-21) - (-1)/7)?
9
What is the units digit of (-7)/(-14)*-1442*-5?
5
What is the tens digit of -1*((-21)/42 + 2258/(-4))?
6
Let y(j) = 346*j**2 - 30*j + 4. What is the tens digit of y(2)?
2
Let y = -883 - -1487. What is the hundreds digit of y?
6
Let u(g) be the third derivative of 7*g**4/24 - g**3 + 3*g**2. Let i be u(8). Suppose i = -0*p + 5*p. What is the units digit of p?
0
Let u(n) be the second derivative of -7*n**3/3 + 3*n**2 + 21*n. What is the units digit of u(-1)?
0
Let u(f) = 10*f - 5. Let q be u(7). Suppose 3*j = 692 - q. What is the hundreds digit of j?
2
Let r(a) = -2*a**2 - 4*a - 1. Let x be r(-2). Let c be x - (-2 + -3 - -2). Suppose 79 = c*y - 3*s, 5*s - 1 = 4*s. What is the tens digit of y?
4
Let f(n) = -6 + 6*n**2 - n**2 - 2*n + n**3 + 0*n. Let o be f(-4). Let y = o + -1. What is the units digit of y?
7
Let o(a) be the third derivative of -9*a**4/8 - a**3/3 + 3*a**2. What is the units digit of o(-1)?
5
Suppose -1203 + 53 = -10*t. What is the tens digit of t?
1
Suppose 81*o = 88*o - 2086. What is the tens digit of o?
9
Let n = 59 - 52. Let j(g) = g**3 - 6*g**2 - 2. What is the units digit of j(n)?
7
Let g = -2 - -32. What is the tens digit of 12/g - (-586)/10?
5
Let n be -12*(7/(-2) - -3). Suppose n*i - 25 = i. Let f(q) = -q**3 + 6*q**2 - q + 4. What is the units digit of f(i)?
4
Let c be (15/(-5))/(-12) - 38/(-8). Suppose -3*u - o = -442, -c*u + o + 594 = -u. What is the hundreds digit of u?
1
What is the tens digit of 1079/5 - 17/(-85)?
1
Let j(r) = -r**3 + 14*r**2 - 10. What is the hundreds digit of j(11)?
3
Let q = 41 - 38. Suppose 3*u + 98 = 2*v + 4*u, q*v = -2*u + 147. What is the units digit of v?
9
Let x(h) = -h + 13. Let t be x(5). Let j = 148 - t. What is the hundreds digit of j?
1
Suppose -5*y - 3*x - 517 + 4583 = 0, -4*x + 2433 = 3*y. What is the hundreds digit of y?
8
Suppose -5*s + 8*s - 408 = 0. What is the tens digit of s?
3
Suppose 0 = -4*v + 1771 + 21. Suppose 2*g + 4*q = 204, -4*g = 2*q - 4*q - v. What is the units digit of g?
0
Suppose 0 = g - 2, -5*x + 135 = -3*g - 2*g. Let v = 20 + -31. Let u = v + x. What is the units digit of u?
8
Let z = 1896 + -1116. What is the hundreds digit of z?
7
What is the hundreds digit of (-243405)/(-105) - (-1)/(-7)?
3
Let o(i) = i**2 - 5*i - 5. Let n be o(4). Let t be (-2)/n + 1842/(-27). Let s = t + 119. What is the units digit of s?
1
Suppose 0 = 3*p + 4*j - 11 - 154, -2*j = 0. What is the tens digit of 284/11 - (-10)/p?
2
Let m = -13 + 44. Suppose -3*k + 247 = m. Let o = -46 + k. What is the units digit of o?
6
Suppose -19 = 5*o - 19. Suppose -4*s + 3*s - 2*p + 16 = o, 4*s = -3*p + 79. What is the units digit of s?
2
Suppose -2*k + 3*t + 15 = 0, -39 = -4*k - t + 4*t. Let v = k + -15. What is the units digit of (v - 30*1)/(-1)?
3
Let l be 2 + -3 + -3 - -1. Let d be l - (-435*1)/(-5). What is the tens digit of (d/(-21))/(2/14)?
3
Suppose -5*s = 11 - 1, -4*n + 468 = -4*s. Suppose -5 = 5*d - n. What is the units digit of d?
2
Let u = 1776 - 1086. What is the hu